/(-6) - 208/(-39). Let k be (8/(-6))/(z/(-108)). Suppose -h + k = -4. Calculate the greatest common factor of 4 and h.
4
Let j = 117 - 328. Let o = -126 - j. What is the highest common factor of o and 17?
17
Suppose -9 = -h + 2. Let a(p) = 17 - 16*p**3 - 9*p**2 + 11 + 11*p**3 + 31*p + 4*p**3. Let x be a(-12). What is the highest common factor of h and x?
11
Suppose -6 = -2*o, 3*o + 34 + 7 = -5*y. Let v = y + 28. What is the greatest common factor of v and 162?
18
Let a(o) = -o**3 - 17*o**2 + 12*o - 13. Let p be a(-18). Let h = -4 + 23. What is the greatest common divisor of h and p?
19
Let m be ((-30)/(-4))/(15/20). Suppose -70 = -5*r - s, -4*r + 4 = -4*s - 76. What is the greatest common factor of r and m?
5
Let x(g) = -6*g + 12. Let w be x(-11). What is the highest common factor of w and 117?
39
Let n be (168/(-63))/((-1)/9). What is the highest common divisor of 328 and n?
8
Suppose 2*r - 980 = -2*m, 4*r - 9*r = 2*m - 2462. What is the highest common divisor of 52 and r?
26
Suppose 2076 = 7*s - 5*s + 5*k, -2*s - 4*k = -2080. What is the greatest common divisor of s and 8?
8
Suppose 3 = -0*t + 3*t, -2*w + 107 = 5*t. What is the highest common factor of w and 204?
51
Suppose 10*o - 51 = 7*o. Let p(x) = -9*x**2 + 3*x**3 + 9*x + o*x**2 + 6 - 2*x**3. Let y be p(-6). Calculate the greatest common divisor of 3 and y.
3
Let t = 76 + -74. Let j be (1 - (t - 5))/((-2)/(-16)). Calculate the greatest common divisor of j and 4.
4
Suppose 3*z + 7 = -5*t, -t = 2*t - 5*z - 23. Let y be (2 - -12)*t/2. Let i be 2/((-16)/(-14))*12. Calculate the highest common divisor of y and i.
7
Let k(u) = 10*u**3 + 2*u - 1. Let d be k(1). Suppose -549*g + 547*g = -66. What is the highest common factor of d and g?
11
Let f(a) = -17*a - 8. Let o be f(-4). Let b(j) = -2*j - 4. Let n be b(-5). Let y = 24 + n. Calculate the greatest common factor of o and y.
30
Let j(a) = a**2 - a - 34. Let p be j(7). What is the greatest common divisor of p and 152?
8
Suppose -25*o = -27*o + 96. Suppose -2*y + 36 = j, 0 = -4*y + 6*j - 2*j + o. Calculate the highest common factor of y and 40.
8
Let h(n) = -n**3 - 9*n**2 + 9*n - 2. Let z be h(-11). What is the greatest common divisor of z and 94?
47
Suppose -1657 + 257 = -7*c. What is the greatest common factor of 25 and c?
25
Let y = -36 + 648. Calculate the greatest common divisor of 36 and y.
36
Let l = 573 + -365. Calculate the greatest common factor of l and 32.
16
Let a be (-1)/2 + (-2)/(-4). Suppose -i - 3 + 20 = a. Suppose -l = -3*z + 555, 0 = 3*z + 5*l - 29 - 562. What is the highest common factor of i and z?
17
Let g be (108/20)/(6/20). Calculate the highest common divisor of 12 and g.
6
Suppose -2*r + 14 = b, -4*r = b + 4*b - 28. Let d be (3 - r)/(-4)*25. Calculate the highest common factor of 200 and d.
25
Suppose -3*p = -227 - 205. What is the greatest common divisor of 360 and p?
72
Suppose -1747 = -2*q - 655. Calculate the highest common factor of q and 78.
78
Suppose 2*z - 477 - 617 = 0. Suppose 3*w - 317 = z. Calculate the highest common factor of w and 36.
36
Let o = -1 - 78. Let b = 94 + o. What is the highest common divisor of b and 15?
15
Suppose 0 + 14 = 3*s - y, 4 = 3*s + y. Calculate the greatest common factor of s and 57.
3
Let t(q) = -q**2 + 46*q - 85. Let z be t(30). Calculate the highest common factor of z and 158.
79
Let o be (24/20)/((-4)/30). Let y be 5*(3 - o/(-5)). What is the highest common divisor of y and 66?
6
Suppose -4500 = 7*f - 11*f. Let t = -43 - -53. Let i be 24/t*f/10. What is the greatest common divisor of 30 and i?
30
Let g be (1224/(-21))/(2*9/(-63)). Calculate the highest common divisor of g and 765.
51
Let l = -1 - -2. What is the highest common factor of 3 and l?
1
Suppose 4*p - 24 = -2*a, 0*a + 2*a = -5*p + 29. Suppose 3*i - i = 5*u + 7, i - a*u = 6. What is the greatest common factor of i and 2?
2
Let f be (-26)/4 - 3/(-6). Let z be 1/(-2)*f*1. Suppose -6*n + 114 = -z*n. What is the greatest common divisor of 95 and n?
19
Let d = -782 + 796. Calculate the highest common divisor of 2422 and d.
14
Let c be (-114)/(-4)*(-10)/(-3). Let k(n) = 4*n**2 - 10*n + 14. Let r be k(4). Calculate the greatest common divisor of r and c.
19
Let l = -390 + 417. What is the greatest common divisor of 9 and l?
9
Suppose 0 = 80*a - 98*a + 450. What is the greatest common factor of a and 65?
5
Suppose -j = -2*n + n - 26, 0 = 3*j - 2*n - 78. What is the highest common divisor of j and 26?
26
Let p(n) = -61*n - 12. Let s be p(-4). Calculate the highest common factor of s and 8.
8
Let x(h) = -h**3 + 13*h**2 - 11*h - 15. Let d be x(10). What is the greatest common factor of 50 and d?
25
Suppose 4*t + 272 = -2*x - 144, 3*x = -3*t - 312. Let c be -2 - (4 + -4) - t/2. Calculate the highest common divisor of c and 10.
10
Let k be 12/(-24) + (-31)/(-2). What is the greatest common factor of 165 and k?
15
Let f be ((-426)/(-18))/((-1)/(-3)). Suppose g - 579 = -4*m, -m + 2*g + 76 + f = 0. Suppose 71 = 4*p - m. What is the greatest common factor of p and 135?
27
Let o(y) = 3*y**2 - 13*y - 14. Let h be o(-1). Suppose m = -2*f + 3*m + 88, -5*f + 208 = -h*m. What is the highest common factor of 8 and f?
8
Let f(w) = 8*w + 6*w + 11*w - 44 - 35*w. Let m be f(-11). Suppose -3*d - 119 = -8*d + 3*u, -4*u = d - 10. What is the greatest common divisor of m and d?
22
Let t(v) = 7*v - 3. Let y be 0 + 0 + 0 + 2. Let q be t(y). Calculate the highest common divisor of q and 99.
11
Let u(c) be the first derivative of c + 0*c**2 - c**2 - 2*c**2 + c**2 + 4. Let d be u(-1). Calculate the highest common factor of d and 5.
5
Suppose 4*f - 4*s = 56, -2*f - 2*s + 18 = s. Let t = 9 + -1. Let n be 18/t - 3/f. What is the highest common divisor of n and 2?
2
Let l(y) = -4*y + y**2 + 2*y + y - 4. Suppose 2*p = 3*p + 3. Let v be l(p). Calculate the greatest common factor of v and 20.
4
Let x = 1229 + -1217. Suppose 4*c - 536 = 2*v, 0*v - 3*v - 540 = -4*c. What is the highest common divisor of x and c?
12
Let a be (-2)/(-7) + 500/14. Let i be -1*20/(-9) + (-8)/36. Suppose g = 2*c + 20, -i*c = 6*g - 3*g - 28. What is the highest common divisor of g and a?
12
Suppose -t + 3 = 2*b, -4*b + 5*t + 2 = -11. Let c be 303/9 - (6/9 - b). Calculate the highest common factor of 5 and c.
5
Suppose 848 + 862 = 5*s. Let t = s + -202. Calculate the greatest common divisor of t and 20.
20
Suppose -v + 1096 = 1061. Let s = 1007 + -622. What is the greatest common factor of v and s?
35
Let i be (0 - 14)*5*6/12. Let u be (1530/i)/(1/(-7)). What is the greatest common divisor of 34 and u?
34
Let s(v) = 43*v - 236. Let m be s(26). Calculate the highest common factor of m and 18.
18
Let h(x) = x**2 + x - 2. Let s be h(-2). Let b be (s - (-3)/6)*-36. Let j be (-4)/18 + (-1246)/b. Calculate the greatest common factor of 46 and j.
23
Let w(l) = -12*l**3 - 4*l**2 - 2*l - 6. Let f be w(-3). Calculate the greatest common factor of 32 and f.
32
Let f be 144/(-1)*98/(-84)*2. Calculate the greatest common factor of f and 105.
21
Let n(q) = q**2 - 9*q - 9. Let z be n(10). Suppose 3*r = 10*r + 70. Let u be 16/6*(r/(-4) + -1). Calculate the greatest common divisor of u and z.
1
Suppose 54 = 7*w - w. Let z = w - -1. What is the highest common divisor of 110 and z?
10
Suppose -2*j = -2*f + f + 12, -j = 4. Suppose -2*t + f = -0. Suppose l - 3 = 0, 6*d - t*l = 3*d + 84. What is the greatest common divisor of 45 and d?
15
Let z = 71 - 69. Suppose 20 = -0*i + i + z*j, -i - 4 = -4*j. What is the greatest common divisor of 60 and i?
12
Let k be (4 - 112/40)/(18/25620). Calculate the greatest common factor of k and 28.
28
Let w(a) = -5*a**2 + 175*a + 372. Let x be w(-2). Let b = 2 - -6. Calculate the highest common divisor of x and b.
2
Suppose 15 = -0*f + 3*f. Suppose -27 = -f*d - 12. Let z be 12*((-14)/(-4) - 3). Calculate the greatest common divisor of d and z.
3
Suppose -10 = 5*d + 5. Let h be d + 244/(2/1). Calculate the highest common factor of h and 17.
17
Let p be (52/16 - 3) + 99/4. Calculate the highest common divisor of p and 80.
5
Suppose 0 = 15*y - 13*y - 116. Let r = y - 46. Calculate the highest common divisor of r and 30.
6
Let h = -1064 + 1077. What is the highest common divisor of 689 and h?
13
Let j(l) = -38*l**3 + l**2 - l - 2. Let m be j(-1). Suppose 0 = 2*q + 6, 208 = 4*